{"id":5,"date":"2017-12-18T23:30:58","date_gmt":"2017-12-18T23:30:58","guid":{"rendered":"https:\/\/conferences.co.nz\/hort2023\/?page_id=5"},"modified":"2023-08-09T09:23:23","modified_gmt":"2023-08-08T21:23:23","slug":"home","status":"publish","type":"page","link":"https:\/\/conferences.co.nz\/hort2023\/","title":{"rendered":"Home"},"content":{"rendered":"\n\n\t<p><strong>The Horticulture Conference Week 2023 has ended<\/strong><\/p>\n<p>Thank you to everyone that joined us this year, we hope to see you again in 2024.<\/p>\n\t\t\t\t<img loading=\"lazy\" decoding=\"async\" src=\"https:\/\/conferences.co.nz\/hort2023\/wp-content\/uploads\/2023\/05\/Homepage-Conference-groups-2023-1-24.05.23.png\" alt=\"Homepage Conference groups 2023 (1) 24.05.23\" itemprop=\"image\" height=\"200\" width=\"1060\" title=\"Homepage Conference groups 2023 (1) 24.05.23\" onerror=\"this.style.display='none'\"  \/>\n<h1>\n\t\tHaere Mai, Welcome!\n\t<\/h1>\n\t<p>Join us for our Conference Week, 31 July to 4 August 2023 at Te Pae Christchurch Convention Centre.<\/p>\n<p>Three conference programmes &#8211; the Horticulture conference, the New Zealand Apples and Pears conference and the Recognised Seasonal Employer (RSE) conference &#8211; will merge into one week of industry-centric presentations, speakers and content. The Horticulture conference programme includes a day of breakout sessions run by vegetable product groups, Vegetables NZ, Process Vegetables NZ, Tomatoes NZ and Onions NZ, as well as sessions run by Strawberries NZ and A Lighter Touch.<\/p>\n<p>The Horticulture Conference Week 2023 will focus on providing a platform for our industry to share its stories, ideas and inspiration. The rationale was to combine the three programmes for more impact. We can&#8217;t wait to share more with you soon.<\/p>\n<h2>\n\t\tHorticulture Conference Week \u2022 31 July to 4 August 2023\n\t<\/h2>\n\t\t\t\t<a href=\"https:\/\/www.applesandpears.nz\/Library\/General\/Conference_2023\" target=\"_blank\" rel=\"noopener\" itemprop=\"url\">\n\t\t\t\t<img loading=\"lazy\" decoding=\"async\" src=\"https:\/\/conferences.co.nz\/hort2023\/wp-content\/uploads\/2017\/12\/NZAP-2023-conference1.jpg\" alt=\"NZAP-2023-conference1\" itemprop=\"image\" height=\"270\" width=\"620\" title=\"NZAP-2023-conference1\" onerror=\"this.style.display='none'\"  \/>\n\t\t\t\t<\/a>\n\t<h3>New Zealand Apples &amp; Pears Conference<\/h3>\n<p>Mon 31 July &#8211; Tues 1 August 2023<\/p>\n\t\t\t\t<a href=\"https:\/\/conferences.co.nz\/hort2023\/rse-conference\/\" target=\"_self\" itemprop=\"url\" rel=\"noopener\">\n\t\t\t\t<img loading=\"lazy\" decoding=\"async\" src=\"https:\/\/conferences.co.nz\/hort2023\/wp-content\/uploads\/2017\/12\/RSE-2023-conference2.jpg\" alt=\"RSE-2023-conference2\" itemprop=\"image\" height=\"270\" width=\"620\" title=\"RSE-2023-conference2\" onerror=\"this.style.display='none'\"  \/>\n\t\t\t\t<\/a>\n\t<h3>Recognised Seasonal Employer (RSE) Conference<\/h3>\n<p>Tues 1 August &#8211; Wed 2 August 2023<\/p>\n\t\t\t\t<a href=\"https:\/\/conferences.co.nz\/hort2023\/horticulture-conference\/\" target=\"_self\" itemprop=\"url\" rel=\"noopener\">\n\t\t\t\t<img loading=\"lazy\" decoding=\"async\" src=\"https:\/\/conferences.co.nz\/hort2023\/wp-content\/uploads\/2017\/12\/Hort-2023-conference1.jpg\" alt=\"Hort-2023-conference1\" itemprop=\"image\" height=\"296\" width=\"680\" title=\"Hort-2023-conference1\" onerror=\"this.style.display='none'\"  \/>\n\t\t\t\t<\/a>\n\t<h3>Horticulture Conference<\/h3>\nThurs 3 August &#8211; Fri 4 August 2023<br \/>\n<em>Product group breakout sessions Wednesday 2 August<\/em>\n<h3>\n\t\tThis years&#8217; conference will take place at Te Pae Christchurch Convention Centre\n\t<\/h3>\n\t\t\t\t<img loading=\"lazy\" decoding=\"async\" src=\"https:\/\/conferences.co.nz\/hort2023\/wp-content\/uploads\/2023\/03\/venue1.jpg\" alt=\"venue1\" itemprop=\"image\" height=\"526\" width=\"780\" title=\"venue1\" onerror=\"this.style.display='none'\"  \/>\n\t<p>Te Pae is New Zealand&#8217;s first-generation Convention Centre. Sitting in the heart of the city along the banks of the \u014ct\u0101karo Avon River &#8211; its striking architecture pays homage to the landscape of Canterbury and the history of local Ng\u0101i Tahu iwi.<\/p>\n<h2>\n\t\tKey Dates\n\t<\/h2>\n\t<h3>Take note of these important key dates:<\/h3>\n<ul>\n<li><strong>Early Registration Deadline:<\/strong><br \/>\n<s>Friday 26 May<\/s>\u00a0 extended 2 June 2023<\/li>\n<li><strong>Conference Week:<\/strong><br \/>\n31 July &#8211; 4 August<\/li>\n<li><strong>New Zealand Apples and Pears Conference:<\/strong><br \/>\n31 July &#8211; 1 August<\/li>\n<li><strong>RSE Conference:<\/strong><br \/>\n1 August &#8211; 2 August<\/li>\n<li><strong>Horticulture Conference:<\/strong><br \/>\n3 &#8211; 4 August<\/li>\n<li><strong>Gala Dinner:<\/strong><br \/>\n2 August<\/li>\n<li><strong>Product group breakout sessions:<\/strong><br \/>\n2 August<\/li>\n<\/ul>\n\t<h3>We look forward to seeing you at\u00a0Conference Week, 31 July to 4 August 2023<\/h3>\n\n","protected":false},"excerpt":{"rendered":"<p>The Horticulture Conference Week 2023 has ended Thank you to everyone that joined us this year, we hope to see you again in 2024. Haere Mai, Welcome! Join us for our Conference Week, 31 July to 4 August 2023 at Te Pae Christchurch Convention Centre. Three conference programmes &#8211; the Horticulture conference, the New Zealand&hellip;<\/p>\n","protected":false},"author":1,"featured_media":2410,"parent":0,"menu_order":0,"comment_status":"closed","ping_status":"closed","template":"","meta":{"footnotes":""},"class_list":["post-5","page","type-page","status-publish","has-post-thumbnail","hentry"],"yoast_head":"<!-- This site is optimized with the Yoast SEO plugin v27.1.1 - https:\/\/yoast.com\/product\/yoast-seo-wordpress\/ -->\n<title>Home - Horticulture Conference Week 2023<\/title>\n<meta name=\"description\" content=\"Join us for our Horticulture Conference Week 2023, 31 July to 4 August 2023 at Te Pae Christchurch Convention Centre. Three conference programmes \u2013 the Horticulture conference, the New Zealand Apples and Pears conference and the Recognised Seasonal Employer (RSE) conference \u2013 will merge into one week of industry-centric presentations, speakers and content.\" \/>\n<meta name=\"robots\" content=\"index, follow, max-snippet:-1, max-image-preview:large, max-video-preview:-1\" \/>\n<link rel=\"canonical\" href=\"https:\/\/conferences.co.nz\/hort2023\/\" \/>\n<meta property=\"og:locale\" content=\"en_US\" \/>\n<meta property=\"og:type\" content=\"article\" \/>\n<meta property=\"og:title\" content=\"Home - Horticulture Conference Week 2023\" \/>\n<meta property=\"og:description\" content=\"Join us for our Horticulture Conference Week 2023, 31 July to 4 August 2023 at Te Pae Christchurch Convention Centre. Three conference programmes \u2013 the Horticulture conference, the New Zealand Apples and Pears conference and the Recognised Seasonal Employer (RSE) conference \u2013 will merge into one week of industry-centric presentations, speakers and content.\" \/>\n<meta property=\"og:url\" content=\"https:\/\/conferences.co.nz\/hort2023\/\" \/>\n<meta property=\"og:site_name\" content=\"Horticulture Conference Week 2023\" \/>\n<meta property=\"article:modified_time\" content=\"2023-08-08T21:23:23+00:00\" \/>\n<meta property=\"og:image\" content=\"https:\/\/conferences.co.nz\/hort2023\/wp-content\/uploads\/2023\/03\/HortNZ-Conference-Week-2023.jpg\" \/>\n\t<meta property=\"og:image:width\" content=\"2200\" \/>\n\t<meta property=\"og:image:height\" content=\"616\" \/>\n\t<meta property=\"og:image:type\" content=\"image\/jpeg\" \/>\n<meta name=\"twitter:card\" content=\"summary_large_image\" \/>\n<meta name=\"twitter:label1\" content=\"Est. reading time\" \/>\n\t<meta name=\"twitter:data1\" content=\"2 minutes\" \/>\n<script type=\"application\/ld+json\" class=\"yoast-schema-graph\">{\"@context\":\"https:\/\/schema.org\",\"@graph\":[{\"@type\":\"WebPage\",\"@id\":\"https:\/\/conferences.co.nz\/hort2023\/\",\"url\":\"https:\/\/conferences.co.nz\/hort2023\/\",\"name\":\"Home - Horticulture Conference Week 2023\",\"isPartOf\":{\"@id\":\"https:\/\/conferences.co.nz\/hort2023\/#website\"},\"primaryImageOfPage\":{\"@id\":\"https:\/\/conferences.co.nz\/hort2023\/#primaryimage\"},\"image\":{\"@id\":\"https:\/\/conferences.co.nz\/hort2023\/#primaryimage\"},\"thumbnailUrl\":\"https:\/\/conferences.co.nz\/hort2023\/wp-content\/uploads\/2023\/03\/HortNZ-Conference-Week-2023.jpg\",\"datePublished\":\"2017-12-18T23:30:58+00:00\",\"dateModified\":\"2023-08-08T21:23:23+00:00\",\"description\":\"Join us for our Horticulture Conference Week 2023, 31 July to 4 August 2023 at Te Pae Christchurch Convention Centre. Three conference programmes \u2013 the Horticulture conference, the New Zealand Apples and Pears conference and the Recognised Seasonal Employer (RSE) conference \u2013 will merge into one week of industry-centric presentations, speakers and content.\",\"breadcrumb\":{\"@id\":\"https:\/\/conferences.co.nz\/hort2023\/#breadcrumb\"},\"inLanguage\":\"en\",\"potentialAction\":[{\"@type\":\"ReadAction\",\"target\":[\"https:\/\/conferences.co.nz\/hort2023\/\"]}]},{\"@type\":\"ImageObject\",\"inLanguage\":\"en\",\"@id\":\"https:\/\/conferences.co.nz\/hort2023\/#primaryimage\",\"url\":\"https:\/\/conferences.co.nz\/hort2023\/wp-content\/uploads\/2023\/03\/HortNZ-Conference-Week-2023.jpg\",\"contentUrl\":\"https:\/\/conferences.co.nz\/hort2023\/wp-content\/uploads\/2023\/03\/HortNZ-Conference-Week-2023.jpg\",\"width\":2200,\"height\":616,\"caption\":\"Horticulture NZ Conference 2023\"},{\"@type\":\"BreadcrumbList\",\"@id\":\"https:\/\/conferences.co.nz\/hort2023\/#breadcrumb\",\"itemListElement\":[{\"@type\":\"ListItem\",\"position\":1,\"name\":\"Home\",\"item\":\"https:\/\/conferences.co.nz\/hort2023\/\"},{\"@type\":\"ListItem\",\"position\":2,\"name\":\"Home\"}]},{\"@type\":\"WebSite\",\"@id\":\"https:\/\/conferences.co.nz\/hort2023\/#website\",\"url\":\"https:\/\/conferences.co.nz\/hort2023\/\",\"name\":\"Horticulture Conference Week 2023\",\"description\":\"Official Conference Website\",\"publisher\":{\"@id\":\"https:\/\/conferences.co.nz\/hort2023\/#organization\"},\"potentialAction\":[{\"@type\":\"SearchAction\",\"target\":{\"@type\":\"EntryPoint\",\"urlTemplate\":\"https:\/\/conferences.co.nz\/hort2023\/?s={search_term_string}\"},\"query-input\":{\"@type\":\"PropertyValueSpecification\",\"valueRequired\":true,\"valueName\":\"search_term_string\"}}],\"inLanguage\":\"en\"},{\"@type\":\"Organization\",\"@id\":\"https:\/\/conferences.co.nz\/hort2023\/#organization\",\"name\":\"Horticulture Conference Week 2023\",\"url\":\"https:\/\/conferences.co.nz\/hort2023\/\",\"logo\":{\"@type\":\"ImageObject\",\"inLanguage\":\"en\",\"@id\":\"https:\/\/conferences.co.nz\/hort2023\/#\/schema\/logo\/image\/\",\"url\":\"https:\/\/conferences.co.nz\/hort2023\/wp-content\/uploads\/2017\/12\/ce1.png\",\"contentUrl\":\"https:\/\/conferences.co.nz\/hort2023\/wp-content\/uploads\/2017\/12\/ce1.png\",\"width\":512,\"height\":512,\"caption\":\"Horticulture Conference Week 2023\"},\"image\":{\"@id\":\"https:\/\/conferences.co.nz\/hort2023\/#\/schema\/logo\/image\/\"}}]}<\/script>\n<!-- \/ Yoast SEO plugin. -->","yoast_head_json":{"title":"Home - Horticulture Conference Week 2023","description":"Join us for our Horticulture Conference Week 2023, 31 July to 4 August 2023 at Te Pae Christchurch Convention Centre. Three conference programmes \u2013 the Horticulture conference, the New Zealand Apples and Pears conference and the Recognised Seasonal Employer (RSE) conference \u2013 will merge into one week of industry-centric presentations, speakers and content.","robots":{"index":"index","follow":"follow","max-snippet":"max-snippet:-1","max-image-preview":"max-image-preview:large","max-video-preview":"max-video-preview:-1"},"canonical":"https:\/\/conferences.co.nz\/hort2023\/","og_locale":"en_US","og_type":"article","og_title":"Home - Horticulture Conference Week 2023","og_description":"Join us for our Horticulture Conference Week 2023, 31 July to 4 August 2023 at Te Pae Christchurch Convention Centre. Three conference programmes \u2013 the Horticulture conference, the New Zealand Apples and Pears conference and the Recognised Seasonal Employer (RSE) conference \u2013 will merge into one week of industry-centric presentations, speakers and content.","og_url":"https:\/\/conferences.co.nz\/hort2023\/","og_site_name":"Horticulture Conference Week 2023","article_modified_time":"2023-08-08T21:23:23+00:00","og_image":[{"width":2200,"height":616,"url":"https:\/\/conferences.co.nz\/hort2023\/wp-content\/uploads\/2023\/03\/HortNZ-Conference-Week-2023.jpg","type":"image\/jpeg"}],"twitter_card":"summary_large_image","twitter_misc":{"Est. reading time":"2 minutes"},"schema":{"@context":"https:\/\/schema.org","@graph":[{"@type":"WebPage","@id":"https:\/\/conferences.co.nz\/hort2023\/","url":"https:\/\/conferences.co.nz\/hort2023\/","name":"Home - Horticulture Conference Week 2023","isPartOf":{"@id":"https:\/\/conferences.co.nz\/hort2023\/#website"},"primaryImageOfPage":{"@id":"https:\/\/conferences.co.nz\/hort2023\/#primaryimage"},"image":{"@id":"https:\/\/conferences.co.nz\/hort2023\/#primaryimage"},"thumbnailUrl":"https:\/\/conferences.co.nz\/hort2023\/wp-content\/uploads\/2023\/03\/HortNZ-Conference-Week-2023.jpg","datePublished":"2017-12-18T23:30:58+00:00","dateModified":"2023-08-08T21:23:23+00:00","description":"Join us for our Horticulture Conference Week 2023, 31 July to 4 August 2023 at Te Pae Christchurch Convention Centre. Three conference programmes \u2013 the Horticulture conference, the New Zealand Apples and Pears conference and the Recognised Seasonal Employer (RSE) conference \u2013 will merge into one week of industry-centric presentations, speakers and content.","breadcrumb":{"@id":"https:\/\/conferences.co.nz\/hort2023\/#breadcrumb"},"inLanguage":"en","potentialAction":[{"@type":"ReadAction","target":["https:\/\/conferences.co.nz\/hort2023\/"]}]},{"@type":"ImageObject","inLanguage":"en","@id":"https:\/\/conferences.co.nz\/hort2023\/#primaryimage","url":"https:\/\/conferences.co.nz\/hort2023\/wp-content\/uploads\/2023\/03\/HortNZ-Conference-Week-2023.jpg","contentUrl":"https:\/\/conferences.co.nz\/hort2023\/wp-content\/uploads\/2023\/03\/HortNZ-Conference-Week-2023.jpg","width":2200,"height":616,"caption":"Horticulture NZ Conference 2023"},{"@type":"BreadcrumbList","@id":"https:\/\/conferences.co.nz\/hort2023\/#breadcrumb","itemListElement":[{"@type":"ListItem","position":1,"name":"Home","item":"https:\/\/conferences.co.nz\/hort2023\/"},{"@type":"ListItem","position":2,"name":"Home"}]},{"@type":"WebSite","@id":"https:\/\/conferences.co.nz\/hort2023\/#website","url":"https:\/\/conferences.co.nz\/hort2023\/","name":"Horticulture Conference Week 2023","description":"Official Conference Website","publisher":{"@id":"https:\/\/conferences.co.nz\/hort2023\/#organization"},"potentialAction":[{"@type":"SearchAction","target":{"@type":"EntryPoint","urlTemplate":"https:\/\/conferences.co.nz\/hort2023\/?s={search_term_string}"},"query-input":{"@type":"PropertyValueSpecification","valueRequired":true,"valueName":"search_term_string"}}],"inLanguage":"en"},{"@type":"Organization","@id":"https:\/\/conferences.co.nz\/hort2023\/#organization","name":"Horticulture Conference Week 2023","url":"https:\/\/conferences.co.nz\/hort2023\/","logo":{"@type":"ImageObject","inLanguage":"en","@id":"https:\/\/conferences.co.nz\/hort2023\/#\/schema\/logo\/image\/","url":"https:\/\/conferences.co.nz\/hort2023\/wp-content\/uploads\/2017\/12\/ce1.png","contentUrl":"https:\/\/conferences.co.nz\/hort2023\/wp-content\/uploads\/2017\/12\/ce1.png","width":512,"height":512,"caption":"Horticulture Conference Week 2023"},"image":{"@id":"https:\/\/conferences.co.nz\/hort2023\/#\/schema\/logo\/image\/"}}]}},"_links":{"self":[{"href":"https:\/\/conferences.co.nz\/hort2023\/wp-json\/wp\/v2\/pages\/5","targetHints":{"allow":["GET"]}}],"collection":[{"href":"https:\/\/conferences.co.nz\/hort2023\/wp-json\/wp\/v2\/pages"}],"about":[{"href":"https:\/\/conferences.co.nz\/hort2023\/wp-json\/wp\/v2\/types\/page"}],"author":[{"embeddable":true,"href":"https:\/\/conferences.co.nz\/hort2023\/wp-json\/wp\/v2\/users\/1"}],"replies":[{"embeddable":true,"href":"https:\/\/conferences.co.nz\/hort2023\/wp-json\/wp\/v2\/comments?post=5"}],"version-history":[{"count":3,"href":"https:\/\/conferences.co.nz\/hort2023\/wp-json\/wp\/v2\/pages\/5\/revisions"}],"predecessor-version":[{"id":3104,"href":"https:\/\/conferences.co.nz\/hort2023\/wp-json\/wp\/v2\/pages\/5\/revisions\/3104"}],"wp:featuredmedia":[{"embeddable":true,"href":"https:\/\/conferences.co.nz\/hort2023\/wp-json\/wp\/v2\/media\/2410"}],"wp:attachment":[{"href":"https:\/\/conferences.co.nz\/hort2023\/wp-json\/wp\/v2\/media?parent=5"}],"curies":[{"name":"wp","href":"https:\/\/api.w.org\/{rel}","templated":true}]}}